 0 = -4*g + 40 + k. What are the prime factors of g?
2, 7
Let b be (3/3)/((-2)/12). Let f(y) = y**3 + 5*y**2 - 7*y + 3. What are the prime factors of f(b)?
3
Suppose d = -p + 14 + 3, -d + 2*p + 14 = 0. List the prime factors of d.
2
Suppose 30 = 4*i - 34. Suppose 5*l - 4*b = 96, -i = 4*b - 0*b. List the prime factors of l.
2
Let h(q) = -2*q**3 - q**2 + q + 1. Let w be h(-1). Let l be w - (0 + 1 - 2). Suppose -2*f = -f - l. What are the prime factors of f?
2
Let f(i) = i**2 + 6. Let b be f(-4). Suppose -3*c + 11 = -5*d - b, -36 = -5*c + 2*d. What are the prime factors of c?
2, 3
List the prime factors of 5/(3/(-171)*-3).
5, 19
Let g be 0/(-8) - 3*-45. Suppose -7*b + g = -4*b. Suppose -3*r = 5*k - b, 8*r - 35 = -5*k + 3*r. List the prime factors of k.
2, 3
Let z = 86 - 53. Suppose g + 2*g = z. List the prime factors of g.
11
Let d = 213 + -108. Suppose 5*f - 105 = d. What are the prime factors of f?
2, 3, 7
Suppose -3*x - 8 = 5*o, 0 = -0*x - 2*x + 2*o. List the prime factors of x - (-15 - (0 + -2)).
2, 3
Let w = 433 + -300. List the prime factors of w.
7, 19
Suppose 2*r - 3*r + 2 = 0. Let u(a) = -4 + 5 - r - 6*a. List the prime factors of u(-1).
5
Let s(k) = -k**2 + 12*k + 39. What are the prime factors of s(10)?
59
Let d(i) = i + 58. List the prime factors of d(0).
2, 29
Suppose -5*d = -4*d - 96. List the prime factors of d.
2, 3
Suppose 0 = 4*z - 31 + 11, 5*v = 4*z + 165. List the prime factors of v.
37
Let o(a) = -a**3 - 3*a**2 + 2*a + 5. Let j be o(-4). Suppose 0*i + j = i. List the prime factors of i.
13
Let b(a) = 3*a + a + 4 - 2*a - 3. Let r be b(2). Suppose -42 = -r*v + 3. List the prime factors of v.
3
Let a(v) = -48*v + 1. List the prime factors of a(-1).
7
Let i be -2 + (-6)/(-3) + 6. Suppose -m + i = -0. What are the prime factors of m?
2, 3
Let r be (-6)/(-9) - (-32)/6. Suppose 0 = 2*d - r, -d + 42 - 9 = 5*x. List the prime factors of x.
2, 3
Let t = -10 - -14. Suppose t*k = -0*k - 8. List the prime factors of 3/k*(-8)/3.
2
Suppose 4 = 6*f - 4*f. Suppose 10 = -f*i + 48. List the prime factors of i.
19
Let t = 14 - -3. List the prime factors of t.
17
Let h(o) be the second derivative of o**5/20 - 11*o**4/12 + o**3/3 - 11*o**2/2 - o. Let c = 39 - 28. List the prime factors of h(c).
11
Suppose -16*d - 37 = -17*d. What are the prime factors of d?
37
Let z(c) = c**3 + 6*c**2 - 7*c + 2. Let h be z(-7). Let o = h - -16. What are the prime factors of o?
2, 3
Suppose -5*i = 13 + 7. Let q be i/(-2) - (-22)/2. Suppose 4*v = 27 + q. What are the prime factors of v?
2, 5
Let p(d) be the third derivative of -d**6/120 - d**5/30 + d**4/12 - d**3/6 + 3*d**2. Let z be p(-3). Suppose 34 = z*a + 10. What are the prime factors of a?
2, 3
Let v(w) = -5*w - 11. Let j(y) = 4*y + 12. Let a(l) = 4*j(l) + 3*v(l). What are the prime factors of a(-8)?
7
Let j(i) = 2*i**2 + i + 2. Suppose -w + 3*k = -4, 2*w + 2*k = 5*k + 2. Let d be j(w). List the prime factors of (-94)/(-10) + d/(-20).
3
Suppose 3*y + 2*y = -5*d + 15, -4*y = d - 3. List the prime factors of 10/4*(d + -1).
5
Suppose 2*p + 4*i = 8, -5*i = -p - 1 + 5. Suppose -10 - 34 = -p*f. List the prime factors of f/1 - (3 - 1).
3
Suppose 0 = 2*i - 91 - 11. Suppose 0 = -4*q - 8 - 8, -3*a = -5*q - 32. Suppose 5*k = a*t + i, 33 = -0*k + 3*k - 3*t. What are the prime factors of k?
7
Suppose -4 + 12 = 4*x. Suppose -x*t - 7 = -t - 3*g, -3*t - 21 = 4*g. Let n = 1 - t. What are the prime factors of n?
2
Let v(h) = 9*h - 9. List the prime factors of v(6).
3, 5
Suppose 4*c + 16 = -2*n + 2*c, n = 2*c + 7. Let i = n + 13. What are the prime factors of i?
2, 5
Let r = 8 + 5. Suppose -r = g - 5*y, 3*y = -3*g + 5 + 10. What are the prime factors of (2 + 2)/(1/g)?
2
Let n(y) = 3*y - 7. Let j be n(6). Let l = -12 + j. Let w(u) = 19*u**2 + 1. List the prime factors of w(l).
2, 5
Let y = -3 + 5. Suppose -5*k + 0 + 12 = y*o, -3*k - 5*o = 8. List the prime factors of (-132)/8*k/(-6).
11
Suppose 4*x = 3*x + 40. What are the prime factors of x?
2, 5
Suppose x - 6*d + 4*d - 30 = 0, -4*x + 93 = d. Suppose x = 2*h + h. What are the prime factors of h?
2
Let h(l) = l + 18. What are the prime factors of h(-12)?
2, 3
Suppose -449 - 486 = -11*p. List the prime factors of p.
5, 17
Let z = 52 - 37. Suppose 5*f = 15 + z. What are the prime factors of f?
2, 3
Let q be 3/(-9) + 13/3. Suppose 2 = -q*x - v + 5, -5*x + 12 = 4*v. Suppose 0 = -x*r + 2*r + 2*i - 6, 0 = 3*i + 3. What are the prime factors of r?
2
Let b = -333 - -495. List the prime factors of b.
2, 3
Let o = -1 + 2. What are the prime factors of (1 - (-9 - -1))/o?
3
List the prime factors of ((-62)/(-4))/(2/4).
31
Suppose 6*g - 7*g = 0. Suppose g*t = -3*t + 12. List the prime factors of t.
2
What are the prime factors of -4 + -20*2/(-2)?
2
Suppose -78 = -2*b + 5*f - 0, 0 = -4*f - 16. What are the prime factors of b?
29
Suppose d - 3*d = 0. Let u = d - -2. Suppose -4*m = k - 17 - 3, -3*m = -u*k - 26. List the prime factors of m.
2, 3
Let g = 40 - 21. Let m = g - 9. What are the prime factors of (-18)/(-5)*m/4?
3
Suppose 3*n = 69 - 12. Let v = n + -51. Let l = -10 - v. What are the prime factors of l?
2, 11
Let w be -1 + (10 - 4/2). Let v(p) = -2*p + 9 - p**2 - 3*p + 2*p**2 + 0*p. What are the prime factors of v(w)?
23
Suppose 0 = -5*i - 4*c - 7 + 17, 25 = 5*c. What are the prime factors of -2 + 5 + 1 + i?
2
Suppose s + 2*s + 2*f = 222, -f = s - 75. Suppose 7*d - s = 4*d. What are the prime factors of d?
2, 3
Let g(h) = 3*h. List the prime factors of g(3).
3
Let g(d) = d**3 + 7*d**2 + 7*d + 9. Suppose 4*z = -5*a + 27, 3*a + 4*z + 1 = 2*a. Let s = 1 - a. What are the prime factors of g(s)?
3
What are the prime factors of 2/8 - (-556)/16?
5, 7
Let h(c) = c**2 + 2*c - 5. List the prime factors of h(-4).
3
Let w = 1 - -3. Let n = w + 11. List the prime factors of n.
3, 5
Suppose -11*z + 2*z = -1125. List the prime factors of z.
5
Let z = -10 + 17. Let x(j) = j**3 - 6*j**2 - 7*j + 5. What are the prime factors of x(z)?
5
Suppose -74 = -6*a + 148. List the prime factors of a.
37
Let k(p) = 52*p - 23. List the prime factors of k(3).
7, 19
Suppose -5*p + 480 = -4*v, 3*p = -2*v + 3*v + 288. What are the prime factors of p?
2, 3
Let w(h) = h**2 + 7*h + 5. Let b be w(-6). Let i be (-1)/b + -48 - -2. List the prime factors of i/(-4) - 3/12.
11
Suppose -3*l = l - 40. Let a = l + 2. List the prime factors of a.
2, 3
Let g be -3 - (0 + 3)*1. Let d(f) = f**2 - 3*f - 7. List the prime factors of d(g).
47
Let k(o) = -o**3 + 6*o**2 + 5. What are the prime factors of k(6)?
5
Let t(s) = -s**2 - 4*s + 1. Let n be t(-5). Suppose 4*m - 36 = -0*m + 3*g, -4 = g. Let w = n + m. What are the prime factors of w?
2
Suppose -v + 5*t + 15 = 0, 0 = 3*v + 4*t - 23 - 22. Suppose 5*y + 5 = -10, -g + y = -15. Suppose -g = -3*k + v. List the prime factors of k.
3
Let f(w) = 3*w**3 - w**2. Suppose -2*q - 2 = -0*q. Let o(n) = n**3 - n**2 + 1. Let t(h) = q*f(h) + 4*o(h). List the prime factors of t(3).
2
Suppose 3*b + i + 81 = 0, -2*b + 11 - 79 = -4*i. Let s be (-2)/(-5) - b/5. Let h = 13 - s. What are the prime factors of h?
7
Suppose -i - 2*n + 166 = -5*i, 0 = 2*i + 3*n + 79. List the prime factors of i/(-1) - (5 + -1).
37
Let t = 4 + -3. Let i(c) = 3*c - 1. Let n be i(t). Suppose 3*s - 1 = -x, -s = -n*x - 4*s + 14. What are the prime factors of x?
13
Suppose -a - 2*m + 22 = -2*a, -m = 2*a + 54. Let b = -15 - a. What are the prime factors of b?
11
Suppose -2*l + 67 = -4*v + l, v = 4*l - 20. List the prime factors of 86/8 + 12/v.
2, 5
What are the prime factors of ((-1)/((-1)/(-10)))/((-8)/120)?
2, 3, 5
Let g(x) = -6*x**2 + 16*x + 4. Let r(n) = -5*n**2 + 15*n + 3. Let t(o) = 4*g(o) - 5*r(o). What are the prime factors of t(12)?
13
Suppose p = -3*z + 24, -2*z + 0 = -2*p + 8. Let m = p - 5. List the prime factors of m.
2
Suppose 2*f - 5 = 1, 5*y = -5*f + 425. What are the prime factors of y?
2, 41
Suppose -5*j + 357 = -5*o - 3, 3*o - 246 = -3*j. What are the prime factors of j?
7, 11
Let t = -43 + 64. Let c = 36 - t. List the prime factors of c.
3, 5
Let a = 359 - 181. List the prime factors of a.
2, 89
Suppose -2*o + 0*o = -5*t + 39, 4*o = -5*t + 27. What are the prime factors of t?
7
Suppose 0 = -3*z + 12, 0*b + 10 = 5*b + 5*z. Let c be (3/b)/((-3)/(-6)). What are the prime factors of (c - -1*8) + 3?
2
List the prime fa